47*r + 136. Give y(-6).
418
Let f(i) = 11*i - 31. Give f(9).
68
Let p(t) = -69*t + 554. Calculate p(8).
2
Let s(l) = -2*l**2 + 27*l - 111. What is s(22)?
-485
Let g(s) = s**3 - 14*s**2 + 21*s + 24. Give g(12).
-12
Let y(l) = -l**3 - 5*l**2 - 21*l - 74. Give y(-4).
-6
Let q(k) = -42*k**2 + 500. What is q(0)?
500
Let w(s) = 58*s - 248. What is w(-2)?
-364
Let k(v) = 78*v**2 - 23*v + 35. What is k(2)?
301
Let t(q) = 2*q**2 - 25*q - 285. Calculate t(-8).
43
Let g(u) = -227*u + 4077. Give g(18).
-9
Let i(l) = -l**3 + 9*l**2 - 14*l + 34. What is i(9)?
-92
Let g(n) = n**2 - 105*n - 3086. Give g(-24).
10
Let b(y) = -y**3 + 127*y**2 - 136*y + 1216. Calculate b(126).
-44
Let p(w) = 6*w - 365. Determine p(60).
-5
Let s(h) = -244*h - 70032. Determine s(-287).
-4
Let r(u) = -5*u - 129. What is r(15)?
-204
Let x(t) = -t**3 - 6*t**2 - 3*t - 119. Give x(-6).
-101
Let q(v) = v**3 + 20*v**2 + 43*v + 69. Determine q(-18).
-57
Let h(k) = 90*k - 2697. Give h(30).
3
Let g(q) = q**2 - 47*q + 584. Determine g(22).
34
Let x(y) = 11954*y - 35844. Give x(3).
18
Let t(m) = 226*m - 6. What is t(1)?
220
Let v(y) = -95*y + 1525. What is v(16)?
5
Let o(w) = -30*w + 263. Determine o(0).
263
Let r(u) = 819*u - 1639. Determine r(2).
-1
Let f(o) = o**3 + 11*o**2 + 17*o - 68. Calculate f(-5).
-3
Let n(f) = -f**3 - 49*f**2 + 45*f - 274. What is n(-50)?
-24
Let r(m) = m**3 - 18*m**2 - 705*m + 30. Calculate r(37).
-44
Let j(p) = -p**3 - 64*p**2 + 123*p - 284. What is j(-66)?
310
Let h(m) = 34*m + 686. What is h(-23)?
-96
Let n(d) = 2*d**2 - 130*d + 490. Calculate n(61).
2
Let a(l) = 78*l + 1722. Calculate a(-22).
6
Let d(b) = -30*b**3 - 4*b**2 - 9*b + 12. What is d(1)?
-31
Let j(d) = 16*d**3 + 45*d**2 - 43*d - 1. Determine j(1).
17
Let a(v) = -v**2 - 13*v + 29. Determine a(-14).
15
Let c(v) = -2*v**3 + 14*v**2 - 6*v + 16. What is c(4)?
88
Let s(v) = v + 102. Calculate s(27).
129
Let t(g) = 208*g + 2733. Give t(-13).
29
Let o(p) = p**2 + 15*p - 5. Calculate o(6).
121
Let x(u) = 7*u**3 - u**2 - 5*u + 12. Calculate x(-5).
-863
Let l(u) = -u**3 - 79*u**2 + 79*u - 98. What is l(-80)?
-18
Let y(r) = -r**3 - 18*r**2 + 13*r. What is y(-19)?
114
Let q(b) = -219*b + 2817. Give q(13).
-30
Let o(i) = -187*i - 361. Determine o(-2).
13
Let p(n) = 553*n + 11610. Calculate p(-21).
-3
Let g(y) = y**2 + 32*y + 318. Determine g(-25).
143
Let n(f) = f**3 - 26*f**2 - 186*f + 25. Determine n(32).
217
Let t(o) = 118*o + 473. What is t(-4)?
1
Let l(g) = -7*g**2 + 20*g + 10. Determine l(7).
-193
Let d(b) = 37*b - 1577. Give d(41).
-60
Let j(q) = q**3 + 34*q**2 + 2*q - 197. What is j(-34)?
-265
Let f(v) = 24*v - 574. Calculate f(24).
2
Let p(v) = v**3 - 89*v**2 + 4*v - 333. Calculate p(89).
23
Let f(j) = -j**2 - 25*j + 75. Give f(-33).
-189
Let f(h) = h**3 - 103*h**2 + 338*h - 13732. Calculate f(101).
4
Let m(h) = h**3 - 3*h**2 - 5*h + 10. Calculate m(3).
-5
Let i(y) = -y**2 + 64*y - 344. What is i(58)?
4
Let q(m) = m**2 - 423*m + 8055. Give q(20).
-5
Let w(a) = -74*a - 1929. Calculate w(-26).
-5
Let y(i) = 11*i + 483. Give y(57).
1110
Let l(c) = 81*c + 139. Determine l(-6).
-347
Let k(g) = -2*g**3 - 49*g**2 - 198*g - 8. Give k(-5).
7
Let l(m) = m**2 + 798*m - 6453. Calculate l(8).
-5
Let x(b) = 3*b**2 - 82*b + 172. What is x(25)?
-3
Let m(z) = -7*z**2 + 18*z - 58. Determine m(4).
-98
Let u(d) = d**3 + 9*d**2 - 7*d - 120. Give u(-8).
0
Let z(r) = 191*r + 194. Calculate z(-1).
3
Let d(j) = 4*j**3 - 3*j**2 + 8*j + 41. Give d(-3).
-118
Let m(k) = -9*k + 717. What is m(79)?
6
Let r(h) = h**3 + 19*h**2 + 68*h - 20. Determine r(-9).
178
Let b(z) = -21*z - 1205. Calculate b(-57).
-8
Let s(k) = -4*k**3 - 34*k**2 - 18*k. What is s(-8)?
16
Let t(p) = 224*p**2 - 232*p. What is t(1)?
-8
Let h(y) = -81*y - 1394. What is h(-17)?
-17
Let c(f) = -73*f + 76. Calculate c(4).
-216
Let z(w) = w**2 + 29*w + 1. Calculate z(-25).
-99
Let f(k) = -24*k**2 + 626*k - 58. Calculate f(26).
-6
Let u(w) = -1572*w - 69164. What is u(-44)?
4
Let c(j) = -14*j - 480. Calculate c(-33).
-18
Let l(h) = -2*h**3 - 24*h**2 - 4*h - 1. Give l(0).
-1
Let x(s) = s**2 + 30*s - 349. Determine x(10).
51
Let b(v) = 4*v**2 - 370*v - 2161. Give b(98).
-5
Let u(s) = 2*s**2 + 33*s + 156. Give u(-6).
30
Let p(z) = -z**3 + 16*z**2 - 32*z - 4. Calculate p(13).
87
Let j(o) = -2*o - 197. Determine j(-15).
-167
Let i(d) = -d**3 + 10*d - 4. What is i(4)?
-28
Let x(k) = -k**3 + 21*k**2 + 42*k - 885. Determine x(21).
-3
Let w(i) = i**3 + 6*i**2 - 44*i + 93. Determine w(-11).
-28
Let y(l) = -2*l**3 + 6*l**2 + 4*l - 19. Determine y(4).
-35
Let f(n) = -3*n**2 + 417*n - 13688. Calculate f(53).
-14
Let q(o) = -487*o - 10687. What is q(-22)?
27
Let p(b) = 32*b - 164. Calculate p(12).
220
Let r(j) = -j**2 + 17*j + 107. Determine r(22).
-3
Let f(n) = 87*n + 1634. Give f(-19).
-19
Let a(s) = -3*s**2 - 26*s - 99. Determine a(-13).
-268
Let b(z) = 2*z**3 + 6*z**2 - 12*z + 17. Determine b(5).
357
Let z(x) = 377*x + 2656. Calculate z(-7).
17
Let b(y) = -110*y - 5730. Give b(-52).
-10
Let k(z) = 23514*z - 47039. Give k(2).
-11
Let k(o) = -o**3 + o**2 - 6*o - 16. Determine k(4).
-88
Let u(b) = b**3 + 113*b**2 + 551*b + 51. Determine u(-5).
-4
Let x(j) = 198*j**2 + 4942*j - 205. What is x(-25)?
-5
Let z(y) = 2*y**2 + 92*y + 549. Give z(-39).
3
Let h(m) = -13*m**3 - 3*m**2 - m + 2. Calculate h(-2).
96
Let u(j) = j**3 - 35*j**2 + 71*j - 106. Determine u(33).
59
Let c(l) = -l**3 + 55*l**2 - 108*l + 129. Calculate c(53).
23
Let k(u) = -2*u**3 - 223*u**2 + 111*u - 99. Determine k(-112).
13
Let x(k) = -140*k + 418. What is x(3)?
-2
Let i(z) = z + 20. Calculate i(-4).
16
Let m(s) = 21*s**2 + 651*s + 6. Calculate m(-31).
6
Let d(y) = y**3 + 7*y**2 + 5*y - 2. Calculate d(-3).
19
Let c(p) = 5*p**2 + 37*p + 2. Determine c(-6).
-40
Let x(u) = 1228*u - 8602. What is x(7)?
-6
Let q(o) = -o**2 + 63*o + 8273. Determine q(128).
-47
Let k(c) = 50*c - 155. Determine k(-3).
-305
Let d(x) = x**3 - 15*x**2 + 39*x - 22. Determine d(11).
-77
Let u(s) = 21*s**3 - 3*s**2 + 10*s - 15. Determine u(3).
555
Let b(y) = y**2 + 43*y + 224. Give b(-6).
2
Let h(c) = -841*c - 2515. What is h(-3)?
8
Let l(y) = y**3 + 102*y**2 - 150*y + 5984. What is l(-104)?
-48
Let x(b) = 45*b - 744. Give x(16).
-24
Let x(l) = 2*l**3 + 196*l**2 + 384*l + 18. Calculate x(-96).
18
Let v(d) = -9*d - 47. What is v(-16)?
97
Let z(b) = b**3 + 22*b**2 + 117*b. Calculate z(-12).
36
Let f(z) = 24*z**2 + 5*z. Determine f(-2).
86
Let c(u) = u**3 - 12*u**2 - 46*u + 546. Calculate c(12).
-6
Let g(s) = -18*s**2 - s + 1. Calculate g(1).
-18
Let y(i) = -i**3 + 105*i**2 - 82*i - 2290. Give y(104).
-2
Let g(v) = -1547*v + 89722. What is g(58)?
-4
Let t(i) = -5*i**2 + 35*i + 27. Give t(12).
-273
Let k(d) = 41*d - 41. Calculate k(-3).
-164
Let p(q) = -q**2 - 87*q - 364. What is p(-83)?
-32
Let a(o) = 1428*o - 8563. Calculate a(6).
5
Let j(w) = -4*w - 178. What is j(17)?
-246
Let w(t) = -t**3 - 37*t**2 + 105*t - 472. Calculate w(-40).
128
Let m(x) = 49*x + 107. What is m(-4)?
-89
Let u(v) = 30*v + 660. What is u(-21)?
30
Let q(v) = v**2 - 688*v - 6961. Calculate q(-10).
19
Let q(y) = y**3 + 23*y**2 - 12*y - 1. Calculate q(-24).
-289
Let u(d) = 7*d + 20. Give u(-2).
6
Let q(v) = -121*v - 2112. Determine q(-18).
66
Let j(o) = 52*o**2 + 3804*o + 599. Determine j(-73).
15
Let r(g) = -g**2 + 27*g - 263. What is r(11)?
-87
Let s(x) = -114*x + 168. Determine s(2).
-60
Let k(f) = 1536*f + 190485. Give k(-124).
21
Let o(n) = 169*n + 29. What is o(5)?
874
Let c(h) = -318*h + 5388. Give c(17).
-18
Let x(k) = -6*k - 44. Give x(-26).
112
Let v(l) = -l**3 - l**2 - 85. What is v(0)?
-85
Let m(v) = 61*v + 3841. Determine m(-63).
-2
Let i(s) = 67*s + 320. Determine i(-11).
-417
Let q(s) = -s**3 - 70*s**2 + 229*s - 33. Give q(3).
-3
Let k(m) = m**3 - 21*m**2 + 9*m + 33. Determine k(21).
222
Let d(p) = 5*p**2 + 70*p - 253. Give d(-17).
2
Let a(i) = -i**3 - 8*i**2 + 28*i - 45. Calculate a(-11).
10
Let j(l) = 110*l + 703. Determine j(-7).
-67
Let n(x) = -x**2 - x + 64. Calculate n(-6).
34
Let x(t) = -t**2 - 275*t - 16651. Give x(-90).
-1
Let t(d) = d**3 - 11*d**2 + 7*d - 55. Give t(11).
22
Let j(a) = -80*a**3 - 2*a**2 - 13*a - 11. Calculate j(-1).
80
Let t(f) = 80*f - 2155. Determine t(27).
5
Let a(w) = -w**3 - 10*w**2 + 70*w + 577. Determine a(-11).
-72
Let w(l) = l**3 - 